{"id":3693,"date":"2021-04-06T10:41:18","date_gmt":"2021-04-06T08:41:18","guid":{"rendered":"https:\/\/sceaux-lagazette.fr\/?page_id=3693"},"modified":"2021-04-06T12:03:45","modified_gmt":"2021-04-06T10:03:45","slug":"bonne-feuille-de-mathias-enard","status":"publish","type":"page","link":"https:\/\/sceaux-lagazette.fr\/index.php\/bonne-feuille-de-mathias-enard\/","title":{"rendered":"Bonne feuille de Mathias Enard"},"content":{"rendered":"\n<h2 class=\"wp-block-heading\">Le Banquet annuel de la Confr\u00e9rie des fossoyeurs<\/h2>\n\n\n\n<p>Editions Actes Sud, Domaine fran\u00e7ais, 2020<\/p>\n\n\n\n<p>\u00ab&nbsp; <em>Voyons donc, j\u2019ai mang\u00e9 une minuscule tartine de rillettes au vouvray qui me para\u00eet bien loin, comme la ridicule tranchette de p\u00e2t\u00e9 de canard, pour chahuter les pr\u00e9c\u00e9dentes&nbsp;; un \u0153uf mimosa, \u00e0 peine deux moiti\u00e9s d\u2019\u0153uf car le persil favorise la digestion puis deux goug\u00e8res au fromage, rien que du vent, sept cuisses de grenouilles c\u2019est-\u00e0-dire quatre grenouilles dont une unijambiste, dont on sait qu\u2019elles sont minuscules&nbsp;; des escargots qui l\u2019avaient bien m\u00e9rit\u00e9&nbsp;; une bouch\u00e9e \u00e0 la reine aux ris de veau, sans doute le plat le plus subtil et d\u00e9licat du monde&nbsp;; une tasse de consomm\u00e9 de b\u0153uf dans lequel flottaient d\u2019\u00e9pais cro\u00fbtons bien durs surmont\u00e9s d\u2019une virole de foie gras&nbsp;; un \u0153uf en meurette \u00e9paisse d\u2019oignons roses au chinon juste pour le plaisir de tremper le gressin au thym frais dans le jaune \u00e0 peine \u00e9paissi par la cuisson parfaite&nbsp;; un vol-au-vent dont les \u00e9crevisses nageaient dans le plaisir et la cr\u00e8me au fumet de poisson de rivi\u00e8re et au vin blanc&nbsp;; six hu\u00eetres chaude \u00e0 la Alexandre Dumas, comme le grand homme raconte qu\u2019il faut les cuisiner, sorties de leur coquille, couvertes de parmesan, de persil et noy\u00e9es dans un flot de champagne et pass\u00e9es au gril&nbsp;; neuf langoustines du vivier de Croix-de-vie, bouillies b\u00eatement dans l\u2019eau de mer, accompagn\u00e9es d\u2019une mayonnaise toute simple, avec \u00e0 peine quelques gouttes de citron et un doigt d\u2019huile d\u2019olive pas trop am\u00e8re&nbsp;; des pinces de tourteaux pan\u00e9es, frites sur le moment, qu\u2019on trempe dans la m\u00eame mayonnaise \u00e0 laquelle on a ajout\u00e9 quelques brins d\u2019estragon, de cerfeuil et de ciboulette&nbsp;; quatre rondelles d\u2019anguilles farcie avec le reste de la chair des crabes dans une sauce hollandaise juste rosie au concentr\u00e9 de tomate sans aucune raison, pour le plaisir de la couleur&nbsp;; deux tron\u00e7ons de lamproie \u00e0 la nantaise, \u00e0 la rochelaise ou \u00e0 la bordelaise, poisson affreux cuisin\u00e9 en daube au vin rouge \u00e9pais avec du lard et son propre sang&nbsp;; un demi-filet de carpe gel\u00e9e froide \u00e0 la juive, avec des carottes et des petits l\u00e9gumes pour dissimuler en vain le go\u00fbt de vase de la carpe&nbsp;; un petit verre de prune \u00e0 cinquante-cinq degr\u00e9s en guise de trou, suivi d\u2019une timbale de coquillettes au comt\u00e9 et \u00e0 la truffe pour le reboucher&nbsp;; un petit verre d\u2019ang\u00e9lique \u00e0 cinquante-cinq degr\u00e9s pour rouvrir le trou suivi d\u2019une grande cuiller de coquillettes pour oublier son horrible go\u00fbt de m\u00e9dicament et le reboucher d\u00e9finitivement&nbsp;; une tranche de cochon de lait doucement r\u00f4ti \u00e0 la chemin\u00e9e, suave et onctueux comme la sauce au chocolat qui l\u2019accompagne&nbsp;; un ramequin de gratin de courge \u00e0 la tomme de Maillezais, exquis&nbsp;; une cuisse de li\u00e8vre, parfum\u00e9, odorant, cuit \u00e0 la braise de ceps exclusivement, accompagn\u00e9 d\u2019une sauce \u00e0 l\u2019oseille, \u00e0 l\u2019ail et aux champignons de printemps, un rien acide&nbsp;; une entame de gigot d\u2019agneau avec quelques mogettes, haricots blancs du Marais cuits \u00e0 la cr\u00e9maill\u00e8re avec des couennes de jambon&nbsp;; une part minuscule de filet de veau en cro\u00fbte de mouill\u00e9 jet\u00e9 dans les flammes de la chemin\u00e9e, pour lequel plus d\u2019un a vendu son \u00e2me au diable&nbsp;; quelques copeaux de cuisse de veau r\u00f4tie reconstitu\u00e9 satur\u00e9e d\u2019\u00e9pices d\u00e9coup\u00e9e au couteau \u00e0 jambon&nbsp;; des asperges vertes, des petits pois, des carottes nouvelles, des oignons nouveaux, de l\u2019ail vert, le tout accompagn\u00e9 d\u2019une mayonnaise \u00e0 chaud aux herbes fa\u00e7on b\u00e9arnaise sans vinaigre&nbsp;; un tiers de chaource, une tranche de beaufort d\u2019\u00e9t\u00e9, beaufort d\u2019alpage artisanal et rarissime, une lichette de fourme de Montbrison, pour sa douceur unique, quelques fleurs de t\u00eate de moine pour accompagner le meursault blanc parce qu\u2019apr\u00e8s tout je suis le grand ma\u00eetre&nbsp;; une bouch\u00e9e d\u2019ar\u00f4me de Lyon pour faire plaisir \u00e0 Grosmollard et go\u00fbter ce saint-joseph blanc absolument scandaleux tellement il est bon, un morceau de chabichou du Poitou \u00e0 point pas du tout crayeux pour terminer le divin sancerre, une tranche de pain, qui est finalement le meilleur, tourte \u00e0 l\u2019ancienne au levain maison et \u00e0 la farine luxueuse sans intrant aucun broy\u00e9e \u00e0 la pierre \u00e0 la force du moulin de rivi\u00e8re, pain p\u00e9tri \u00e0 l\u2019eau de source et cuit au four \u00e0 bois chauff\u00e9 exclusivement au fr\u00eane du Marais, un verre de chinon pour faire couler, ce qui me rappelle que j\u2019ai bu aussi au cours du repas force chenin, force gamay d\u2019Anjou et de Touraine, quelques pots de mareuil pour la soif, puis sont arriv\u00e9s les desserts, un chou \u00e0 la cr\u00e8me fouett\u00e9e que j\u2019ai mang\u00e9 avant d\u2019en \u00e9craser un autre sur la calvitie de Grosmollard, puis une petite religieuse, puis quelques profiteroles que j\u2019ai prises en pleine poire, d\u00e9licieuses, et encore un ou deux \u00e9clairs au caf\u00e9, et voil\u00e0, et maintenant tout cela se termine, on ajoutera un peu d\u2019eau-de-vie pour le Rituel, de l\u2019Esprit-de-vin, ensuite une soupe \u00e0 l\u2019oignon gratin\u00e9e au comt\u00e9 avec de belles cro\u00fbtes, une douzaine d\u2019huitres de Marennes, des sp\u00e9ciales bien charnues, des num\u00e9ros deux, avec un muscadet sur lie bien senti et on pourra aller se coucher quelques heures avant de retrouver la Lorraine, enfin. Car ce Poitou manque de montagnes et de jarret fum\u00e9&nbsp;!&nbsp;\u00bb.<\/em><\/p>\n","protected":false},"excerpt":{"rendered":"<p>Le Banquet annuel de la Confr\u00e9rie des fossoyeurs Editions Actes Sud, Domaine fran\u00e7ais, 2020 \u00ab&nbsp; Voyons donc, j\u2019ai mang\u00e9 une minuscule tartine de rillettes au vouvray qui me para\u00eet bien loin, comme la ridicule tranchette de p\u00e2t\u00e9 de canard, pour chahuter les pr\u00e9c\u00e9dentes&nbsp;; un \u0153uf mimosa, \u00e0 peine deux moiti\u00e9s&#8230;<\/p>\n","protected":false},"author":1,"featured_media":0,"parent":0,"menu_order":0,"comment_status":"closed","ping_status":"closed","template":"","meta":{"om_disable_all_campaigns":false,"_monsterinsights_skip_tracking":false,"_monsterinsights_sitenote_active":false,"_monsterinsights_sitenote_note":"","_monsterinsights_sitenote_category":0,"_uf_show_specific_survey":0,"_uf_disable_surveys":false,"footnotes":""},"class_list":["post-3693","page","type-page","status-publish","hentry","entry","simple"],"yoast_head":"<!-- This site is optimized with the Yoast SEO plugin v25.6 - https:\/\/yoast.com\/wordpress\/plugins\/seo\/ -->\n<title>Bonne feuille de Mathias Enard - La Gazette<\/title>\n<meta name=\"robots\" content=\"index, follow, max-snippet:-1, max-image-preview:large, max-video-preview:-1\" \/>\n<link rel=\"canonical\" href=\"https:\/\/sceaux-lagazette.fr\/index.php\/bonne-feuille-de-mathias-enard\/\" \/>\n<meta property=\"og:locale\" content=\"fr_FR\" \/>\n<meta property=\"og:type\" content=\"article\" \/>\n<meta property=\"og:title\" content=\"Bonne feuille de Mathias Enard - La Gazette\" \/>\n<meta property=\"og:description\" content=\"Le Banquet annuel de la Confr\u00e9rie des fossoyeurs Editions Actes Sud, Domaine fran\u00e7ais, 2020 \u00ab&nbsp; Voyons donc, j\u2019ai mang\u00e9 une minuscule tartine de rillettes au vouvray qui me para\u00eet bien loin, comme la ridicule tranchette de p\u00e2t\u00e9 de canard, pour chahuter les pr\u00e9c\u00e9dentes&nbsp;; un \u0153uf mimosa, \u00e0 peine deux moiti\u00e9s&#8230;\" \/>\n<meta property=\"og:url\" content=\"https:\/\/sceaux-lagazette.fr\/index.php\/bonne-feuille-de-mathias-enard\/\" \/>\n<meta property=\"og:site_name\" content=\"La Gazette\" \/>\n<meta property=\"article:modified_time\" content=\"2021-04-06T10:03:45+00:00\" \/>\n<meta property=\"og:image\" content=\"https:\/\/sceaux-lagazette.fr\/wp-content\/uploads\/2025\/12\/Logo-Titre-Gazette-2025-08.jpg\" \/>\n\t<meta property=\"og:image:width\" content=\"636\" \/>\n\t<meta property=\"og:image:height\" content=\"148\" \/>\n\t<meta property=\"og:image:type\" content=\"image\/jpeg\" \/>\n<meta name=\"twitter:card\" content=\"summary_large_image\" \/>\n<meta name=\"twitter:label1\" content=\"Dur\u00e9e de lecture estim\u00e9e\" \/>\n\t<meta name=\"twitter:data1\" content=\"5 minutes\" \/>\n<script type=\"application\/ld+json\" class=\"yoast-schema-graph\">{\"@context\":\"https:\/\/schema.org\",\"@graph\":[{\"@type\":\"WebPage\",\"@id\":\"https:\/\/sceaux-lagazette.fr\/index.php\/bonne-feuille-de-mathias-enard\/\",\"url\":\"https:\/\/sceaux-lagazette.fr\/index.php\/bonne-feuille-de-mathias-enard\/\",\"name\":\"Bonne feuille de Mathias Enard - La Gazette\",\"isPartOf\":{\"@id\":\"https:\/\/sceaux-lagazette.fr\/#website\"},\"datePublished\":\"2021-04-06T08:41:18+00:00\",\"dateModified\":\"2021-04-06T10:03:45+00:00\",\"breadcrumb\":{\"@id\":\"https:\/\/sceaux-lagazette.fr\/index.php\/bonne-feuille-de-mathias-enard\/#breadcrumb\"},\"inLanguage\":\"fr-FR\",\"potentialAction\":[{\"@type\":\"ReadAction\",\"target\":[\"https:\/\/sceaux-lagazette.fr\/index.php\/bonne-feuille-de-mathias-enard\/\"]}]},{\"@type\":\"BreadcrumbList\",\"@id\":\"https:\/\/sceaux-lagazette.fr\/index.php\/bonne-feuille-de-mathias-enard\/#breadcrumb\",\"itemListElement\":[{\"@type\":\"ListItem\",\"position\":1,\"name\":\"Accueil\",\"item\":\"https:\/\/sceaux-lagazette.fr\/\"},{\"@type\":\"ListItem\",\"position\":2,\"name\":\"Bonne feuille de Mathias Enard\"}]},{\"@type\":\"WebSite\",\"@id\":\"https:\/\/sceaux-lagazette.fr\/#website\",\"url\":\"https:\/\/sceaux-lagazette.fr\/\",\"name\":\"La Gazette\",\"description\":\"Bourg-la-Reine, Ch\u00e2tenay, Fontenay, Sceaux\",\"publisher\":{\"@id\":\"https:\/\/sceaux-lagazette.fr\/#organization\"},\"potentialAction\":[{\"@type\":\"SearchAction\",\"target\":{\"@type\":\"EntryPoint\",\"urlTemplate\":\"https:\/\/sceaux-lagazette.fr\/?s={search_term_string}\"},\"query-input\":{\"@type\":\"PropertyValueSpecification\",\"valueRequired\":true,\"valueName\":\"search_term_string\"}}],\"inLanguage\":\"fr-FR\"},{\"@type\":\"Organization\",\"@id\":\"https:\/\/sceaux-lagazette.fr\/#organization\",\"name\":\"La Gazette\",\"url\":\"https:\/\/sceaux-lagazette.fr\/\",\"logo\":{\"@type\":\"ImageObject\",\"inLanguage\":\"fr-FR\",\"@id\":\"https:\/\/sceaux-lagazette.fr\/#\/schema\/logo\/image\/\",\"url\":\"https:\/\/sceaux-lagazette.fr\/wp-content\/uploads\/2025\/08\/Logo-Gazette-Aout-2025-V3.jpg\",\"contentUrl\":\"https:\/\/sceaux-lagazette.fr\/wp-content\/uploads\/2025\/08\/Logo-Gazette-Aout-2025-V3.jpg\",\"width\":525,\"height\":130,\"caption\":\"La Gazette\"},\"image\":{\"@id\":\"https:\/\/sceaux-lagazette.fr\/#\/schema\/logo\/image\/\"}}]}<\/script>\n<!-- \/ Yoast SEO plugin. -->","yoast_head_json":{"title":"Bonne feuille de Mathias Enard - La Gazette","robots":{"index":"index","follow":"follow","max-snippet":"max-snippet:-1","max-image-preview":"max-image-preview:large","max-video-preview":"max-video-preview:-1"},"canonical":"https:\/\/sceaux-lagazette.fr\/index.php\/bonne-feuille-de-mathias-enard\/","og_locale":"fr_FR","og_type":"article","og_title":"Bonne feuille de Mathias Enard - La Gazette","og_description":"Le Banquet annuel de la Confr\u00e9rie des fossoyeurs Editions Actes Sud, Domaine fran\u00e7ais, 2020 \u00ab&nbsp; Voyons donc, j\u2019ai mang\u00e9 une minuscule tartine de rillettes au vouvray qui me para\u00eet bien loin, comme la ridicule tranchette de p\u00e2t\u00e9 de canard, pour chahuter les pr\u00e9c\u00e9dentes&nbsp;; un \u0153uf mimosa, \u00e0 peine deux moiti\u00e9s&#8230;","og_url":"https:\/\/sceaux-lagazette.fr\/index.php\/bonne-feuille-de-mathias-enard\/","og_site_name":"La Gazette","article_modified_time":"2021-04-06T10:03:45+00:00","og_image":[{"width":636,"height":148,"url":"https:\/\/sceaux-lagazette.fr\/wp-content\/uploads\/2025\/12\/Logo-Titre-Gazette-2025-08.jpg","type":"image\/jpeg"}],"twitter_card":"summary_large_image","twitter_misc":{"Dur\u00e9e de lecture estim\u00e9e":"5 minutes"},"schema":{"@context":"https:\/\/schema.org","@graph":[{"@type":"WebPage","@id":"https:\/\/sceaux-lagazette.fr\/index.php\/bonne-feuille-de-mathias-enard\/","url":"https:\/\/sceaux-lagazette.fr\/index.php\/bonne-feuille-de-mathias-enard\/","name":"Bonne feuille de Mathias Enard - La Gazette","isPartOf":{"@id":"https:\/\/sceaux-lagazette.fr\/#website"},"datePublished":"2021-04-06T08:41:18+00:00","dateModified":"2021-04-06T10:03:45+00:00","breadcrumb":{"@id":"https:\/\/sceaux-lagazette.fr\/index.php\/bonne-feuille-de-mathias-enard\/#breadcrumb"},"inLanguage":"fr-FR","potentialAction":[{"@type":"ReadAction","target":["https:\/\/sceaux-lagazette.fr\/index.php\/bonne-feuille-de-mathias-enard\/"]}]},{"@type":"BreadcrumbList","@id":"https:\/\/sceaux-lagazette.fr\/index.php\/bonne-feuille-de-mathias-enard\/#breadcrumb","itemListElement":[{"@type":"ListItem","position":1,"name":"Accueil","item":"https:\/\/sceaux-lagazette.fr\/"},{"@type":"ListItem","position":2,"name":"Bonne feuille de Mathias Enard"}]},{"@type":"WebSite","@id":"https:\/\/sceaux-lagazette.fr\/#website","url":"https:\/\/sceaux-lagazette.fr\/","name":"La Gazette","description":"Bourg-la-Reine, Ch\u00e2tenay, Fontenay, Sceaux","publisher":{"@id":"https:\/\/sceaux-lagazette.fr\/#organization"},"potentialAction":[{"@type":"SearchAction","target":{"@type":"EntryPoint","urlTemplate":"https:\/\/sceaux-lagazette.fr\/?s={search_term_string}"},"query-input":{"@type":"PropertyValueSpecification","valueRequired":true,"valueName":"search_term_string"}}],"inLanguage":"fr-FR"},{"@type":"Organization","@id":"https:\/\/sceaux-lagazette.fr\/#organization","name":"La Gazette","url":"https:\/\/sceaux-lagazette.fr\/","logo":{"@type":"ImageObject","inLanguage":"fr-FR","@id":"https:\/\/sceaux-lagazette.fr\/#\/schema\/logo\/image\/","url":"https:\/\/sceaux-lagazette.fr\/wp-content\/uploads\/2025\/08\/Logo-Gazette-Aout-2025-V3.jpg","contentUrl":"https:\/\/sceaux-lagazette.fr\/wp-content\/uploads\/2025\/08\/Logo-Gazette-Aout-2025-V3.jpg","width":525,"height":130,"caption":"La Gazette"},"image":{"@id":"https:\/\/sceaux-lagazette.fr\/#\/schema\/logo\/image\/"}}]}},"_links":{"self":[{"href":"https:\/\/sceaux-lagazette.fr\/index.php\/wp-json\/wp\/v2\/pages\/3693"}],"collection":[{"href":"https:\/\/sceaux-lagazette.fr\/index.php\/wp-json\/wp\/v2\/pages"}],"about":[{"href":"https:\/\/sceaux-lagazette.fr\/index.php\/wp-json\/wp\/v2\/types\/page"}],"author":[{"embeddable":true,"href":"https:\/\/sceaux-lagazette.fr\/index.php\/wp-json\/wp\/v2\/users\/1"}],"replies":[{"embeddable":true,"href":"https:\/\/sceaux-lagazette.fr\/index.php\/wp-json\/wp\/v2\/comments?post=3693"}],"version-history":[{"count":3,"href":"https:\/\/sceaux-lagazette.fr\/index.php\/wp-json\/wp\/v2\/pages\/3693\/revisions"}],"predecessor-version":[{"id":3696,"href":"https:\/\/sceaux-lagazette.fr\/index.php\/wp-json\/wp\/v2\/pages\/3693\/revisions\/3696"}],"wp:attachment":[{"href":"https:\/\/sceaux-lagazette.fr\/index.php\/wp-json\/wp\/v2\/media?parent=3693"}],"curies":[{"name":"wp","href":"https:\/\/api.w.org\/{rel}","templated":true}]}}