{"version":"1.0","provider_name":"La Gazette","provider_url":"https:\/\/sceaux-lagazette.fr","author_name":"Pierre Bozzonne","author_url":"https:\/\/sceaux-lagazette.fr\/index.php\/author\/pierre-bozzonne\/","title":"Karin Lansen \u00e0 Ch\u00e2tenay-Malabry - La Gazette","type":"rich","width":600,"height":338,"html":"<blockquote class=\"wp-embedded-content\" data-secret=\"DGUHGEc67t\"><a href=\"https:\/\/sceaux-lagazette.fr\/index.php\/2026\/03\/11\/karin-lansen-a-chatenay-malabry\/\">Karin Lansen \u00e0 Ch\u00e2tenay-Malabry<\/a><\/blockquote><iframe sandbox=\"allow-scripts\" security=\"restricted\" src=\"https:\/\/sceaux-lagazette.fr\/index.php\/2026\/03\/11\/karin-lansen-a-chatenay-malabry\/embed\/#?secret=DGUHGEc67t\" width=\"600\" height=\"338\" title=\"\u00ab\u00a0Karin Lansen \u00e0 Ch\u00e2tenay-Malabry\u00a0\u00bb &#8212; La Gazette\" data-secret=\"DGUHGEc67t\" frameborder=\"0\" marginwidth=\"0\" marginheight=\"0\" scrolling=\"no\" class=\"wp-embedded-content\"><\/iframe><script type=\"text\/javascript\">\n\/* <![CDATA[ *\/\n\/*! This file is auto-generated *\/\n!function(d,l){\"use strict\";l.querySelector&&d.addEventListener&&\"undefined\"!=typeof URL&&(d.wp=d.wp||{},d.wp.receiveEmbedMessage||(d.wp.receiveEmbedMessage=function(e){var t=e.data;if((t||t.secret||t.message||t.value)&&!\/[^a-zA-Z0-9]\/.test(t.secret)){for(var s,r,n,a=l.querySelectorAll('iframe[data-secret=\"'+t.secret+'\"]'),o=l.querySelectorAll('blockquote[data-secret=\"'+t.secret+'\"]'),c=new RegExp(\"^https?:$\",\"i\"),i=0;i<o.length;i++)o[i].style.display=\"none\";for(i=0;i<a.length;i++)s=a[i],e.source===s.contentWindow&&(s.removeAttribute(\"style\"),\"height\"===t.message?(1e3<(r=parseInt(t.value,10))?r=1e3:~~r<200&&(r=200),s.height=r):\"link\"===t.message&&(r=new URL(s.getAttribute(\"src\")),n=new URL(t.value),c.test(n.protocol))&&n.host===r.host&&l.activeElement===s&&(d.top.location.href=t.value))}},d.addEventListener(\"message\",d.wp.receiveEmbedMessage,!1),l.addEventListener(\"DOMContentLoaded\",function(){for(var e,t,s=l.querySelectorAll(\"iframe.wp-embedded-content\"),r=0;r<s.length;r++)(t=(e=s[r]).getAttribute(\"data-secret\"))||(t=Math.random().toString(36).substring(2,12),e.src+=\"#?secret=\"+t,e.setAttribute(\"data-secret\",t)),e.contentWindow.postMessage({message:\"ready\",secret:t},\"*\")},!1)))}(window,document);\n\/* ]]> *\/\n<\/script>\n","thumbnail_url":"https:\/\/sceaux-lagazette.fr\/wp-content\/uploads\/2026\/03\/Karin-Lansen-2-photos-e1773236749211.jpeg","thumbnail_width":1721,"thumbnail_height":1064,"description":"Pour la semaine des droits de la femme, Ch\u00e2tenay-Malabry Tourisme a invit\u00e9 Karin Lansen dans deux lieux embl\u00e9matiques de la ville (La M\u00e9diath\u00e8que, et le Pavillon des Arts et du Patrimoine). La photographe de renomm\u00e9e internationale sera pr\u00e9sente vendredi 13 mars \u00e0 19h au Pavillon des Arts. Jusqu\u2019au samedi 28&#8230;"}

Karin Lansen à Châtenay-Malabry - La Gazette

<blockquote class="wp-embedded-content" data-secret="DGUHGEc67t"><a href="https://sceaux-lagazette.fr/index.php/2026/03/11/karin-lansen-a-chatenay-malabry/">Karin Lansen à Châtenay-Malabry</a></blockquote><iframe sandbox="allow-scripts" security="restricted" src="https://sceaux-lagazette.fr/index.php/2026/03/11/karin-lansen-a-chatenay-malabry/embed/#?secret=DGUHGEc67t" width="600" height="338" title="« Karin Lansen à Châtenay-Malabry » &#8212; La Gazette" data-secret="DGUHGEc67t" frameborder="0" marginwidth="0" marginheight="0" scrolling="no" class="wp-embedded-content"></iframe><script type="text/javascript">
/* <![CDATA[ */
/*! This file is auto-generated */
!function(d,l){"use strict";l.querySelector&&d.addEventListener&&"undefined"!=typeof URL&&(d.wp=d.wp||{},d.wp.receiveEmbedMessage||(d.wp.receiveEmbedMessage=function(e){var t=e.data;if((t||t.secret||t.message||t.value)&&!/[^a-zA-Z0-9]/.test(t.secret)){for(var s,r,n,a=l.querySelectorAll('iframe[data-secret="'+t.secret+'"]'),o=l.querySelectorAll('blockquote[data-secret="'+t.secret+'"]'),c=new RegExp("^https?:$","i"),i=0;i<o.length;i++)o[i].style.display="none";for(i=0;i<a.length;i++)s=a[i],e.source===s.contentWindow&&(s.removeAttribute("style"),"height"===t.message?(1e3<(r=parseInt(t.value,10))?r=1e3:~~r<200&&(r=200),s.height=r):"link"===t.message&&(r=new URL(s.getAttribute("src")),n=new URL(t.value),c.test(n.protocol))&&n.host===r.host&&l.activeElement===s&&(d.top.location.href=t.value))}},d.addEventListener("message",d.wp.receiveEmbedMessage,!1),l.addEventListener("DOMContentLoaded",function(){for(var e,t,s=l.querySelectorAll("iframe.wp-embedded-content"),r=0;r<s.length;r++)(t=(e=s[r]).getAttribute("data-secret"))||(t=Math.random().toString(36).substring(2,12),e.src+="#?secret="+t,e.setAttribute("data-secret",t)),e.contentWindow.postMessage({message:"ready",secret:t},"*")},!1)))}(window,document);
/* ]]> */
</script>

Pour la semaine des droits de la femme, Châtenay-Malabry Tourisme a invité Karin Lansen dans deux lieux emblématiques de la ville (La Médiathèque, et le Pavillon des Arts et du Patrimoine). La photographe de renommée internationale sera présente vendredi 13 mars à 19h au Pavillon des Arts. Jusqu’au samedi 28&#8230;
