{"version":"1.0","provider_name":"La Gazette","provider_url":"https:\/\/sceaux-lagazette.fr","author_name":"Yvon Bellec","author_url":"https:\/\/sceaux-lagazette.fr\/index.php\/author\/yvon-bellec\/","title":"Bennes et bus \u00e0 hydrog\u00e8ne en 2026 ? - La Gazette","type":"rich","width":600,"height":338,"html":"<blockquote class=\"wp-embedded-content\" data-secret=\"XQNrPGVTlt\"><a href=\"https:\/\/sceaux-lagazette.fr\/index.php\/2025\/12\/03\/bennes-et-bus-a-hydrogene-en-2026\/\">Bennes et bus \u00e0 hydrog\u00e8ne en 2026 ?<\/a><\/blockquote><iframe sandbox=\"allow-scripts\" security=\"restricted\" src=\"https:\/\/sceaux-lagazette.fr\/index.php\/2025\/12\/03\/bennes-et-bus-a-hydrogene-en-2026\/embed\/#?secret=XQNrPGVTlt\" width=\"600\" height=\"338\" title=\"\u00ab\u00a0Bennes et bus \u00e0 hydrog\u00e8ne en 2026 ?\u00a0\u00bb &#8212; La Gazette\" data-secret=\"XQNrPGVTlt\" frameborder=\"0\" marginwidth=\"0\" marginheight=\"0\" scrolling=\"no\" class=\"wp-embedded-content\"><\/iframe><script type=\"text\/javascript\">\n\/* <![CDATA[ *\/\n\/*! This file is auto-generated *\/\n!function(d,l){\"use strict\";l.querySelector&&d.addEventListener&&\"undefined\"!=typeof URL&&(d.wp=d.wp||{},d.wp.receiveEmbedMessage||(d.wp.receiveEmbedMessage=function(e){var t=e.data;if((t||t.secret||t.message||t.value)&&!\/[^a-zA-Z0-9]\/.test(t.secret)){for(var s,r,n,a=l.querySelectorAll('iframe[data-secret=\"'+t.secret+'\"]'),o=l.querySelectorAll('blockquote[data-secret=\"'+t.secret+'\"]'),c=new RegExp(\"^https?:$\",\"i\"),i=0;i<o.length;i++)o[i].style.display=\"none\";for(i=0;i<a.length;i++)s=a[i],e.source===s.contentWindow&&(s.removeAttribute(\"style\"),\"height\"===t.message?(1e3<(r=parseInt(t.value,10))?r=1e3:~~r<200&&(r=200),s.height=r):\"link\"===t.message&&(r=new URL(s.getAttribute(\"src\")),n=new URL(t.value),c.test(n.protocol))&&n.host===r.host&&l.activeElement===s&&(d.top.location.href=t.value))}},d.addEventListener(\"message\",d.wp.receiveEmbedMessage,!1),l.addEventListener(\"DOMContentLoaded\",function(){for(var e,t,s=l.querySelectorAll(\"iframe.wp-embedded-content\"),r=0;r<s.length;r++)(t=(e=s[r]).getAttribute(\"data-secret\"))||(t=Math.random().toString(36).substring(2,12),e.src+=\"#?secret=\"+t,e.setAttribute(\"data-secret\",t)),e.contentWindow.postMessage({message:\"ready\",secret:t},\"*\")},!1)))}(window,document);\n\/* ]]> *\/\n<\/script>\n","thumbnail_url":"https:\/\/sceaux-lagazette.fr\/wp-content\/uploads\/2025\/10\/image-e1761771842178.jpg","thumbnail_width":422,"thumbnail_height":268,"description":"Les 27 bennes \u00e0 ordures m\u00e9nag\u00e8res et 30 bus devraient rouler bient\u00f4t \u00e0 l\u2019hydrog\u00e8ne sur le territoire Vall\u00e9e Sud Grand Paris. Pour en savoir plus sur l\u2019avancement du programme, La Gazette a rencontr\u00e9 Richard Laurens, Directeur G\u00e9n\u00e9ral de Vall\u00e9e Sud Hydrog\u00e8ne. Une r\u00e9flexion entam\u00e9e en 2017 En 2017 sous la&#8230;"}

Bennes et bus à hydrogène en 2026 ? - La Gazette

<blockquote class="wp-embedded-content" data-secret="XQNrPGVTlt"><a href="https://sceaux-lagazette.fr/index.php/2025/12/03/bennes-et-bus-a-hydrogene-en-2026/">Bennes et bus à hydrogène en 2026 ?</a></blockquote><iframe sandbox="allow-scripts" security="restricted" src="https://sceaux-lagazette.fr/index.php/2025/12/03/bennes-et-bus-a-hydrogene-en-2026/embed/#?secret=XQNrPGVTlt" width="600" height="338" title="« Bennes et bus à hydrogène en 2026 ? » &#8212; La Gazette" data-secret="XQNrPGVTlt" frameborder="0" marginwidth="0" marginheight="0" scrolling="no" class="wp-embedded-content"></iframe><script type="text/javascript">
/* <![CDATA[ */
/*! This file is auto-generated */
!function(d,l){"use strict";l.querySelector&&d.addEventListener&&"undefined"!=typeof URL&&(d.wp=d.wp||{},d.wp.receiveEmbedMessage||(d.wp.receiveEmbedMessage=function(e){var t=e.data;if((t||t.secret||t.message||t.value)&&!/[^a-zA-Z0-9]/.test(t.secret)){for(var s,r,n,a=l.querySelectorAll('iframe[data-secret="'+t.secret+'"]'),o=l.querySelectorAll('blockquote[data-secret="'+t.secret+'"]'),c=new RegExp("^https?:$","i"),i=0;i<o.length;i++)o[i].style.display="none";for(i=0;i<a.length;i++)s=a[i],e.source===s.contentWindow&&(s.removeAttribute("style"),"height"===t.message?(1e3<(r=parseInt(t.value,10))?r=1e3:~~r<200&&(r=200),s.height=r):"link"===t.message&&(r=new URL(s.getAttribute("src")),n=new URL(t.value),c.test(n.protocol))&&n.host===r.host&&l.activeElement===s&&(d.top.location.href=t.value))}},d.addEventListener("message",d.wp.receiveEmbedMessage,!1),l.addEventListener("DOMContentLoaded",function(){for(var e,t,s=l.querySelectorAll("iframe.wp-embedded-content"),r=0;r<s.length;r++)(t=(e=s[r]).getAttribute("data-secret"))||(t=Math.random().toString(36).substring(2,12),e.src+="#?secret="+t,e.setAttribute("data-secret",t)),e.contentWindow.postMessage({message:"ready",secret:t},"*")},!1)))}(window,document);
/* ]]> */
</script>

Les 27 bennes à ordures ménagères et 30 bus devraient rouler bientôt à l’hydrogène sur le territoire Vallée Sud Grand Paris. Pour en savoir plus sur l’avancement du programme, La Gazette a rencontré Richard Laurens, Directeur Général de Vallée Sud Hydrogène. Une réflexion entamée en 2017 En 2017 sous la&#8230;
