{"version":"1.0","provider_name":"La Gazette","provider_url":"https:\/\/sceaux-lagazette.fr","author_name":"Maurice Zytnicki","author_url":"https:\/\/sceaux-lagazette.fr\/index.php\/author\/maurice\/","title":"A propos du vote Philippe Laurent - La Gazette","type":"rich","width":600,"height":338,"html":"<blockquote class=\"wp-embedded-content\" data-secret=\"dlnGnHtBvq\"><a href=\"https:\/\/sceaux-lagazette.fr\/index.php\/2022\/06\/21\/a-propos-du-vote-philippe-laurent\/\">A propos du vote Philippe Laurent<\/a><\/blockquote><iframe sandbox=\"allow-scripts\" security=\"restricted\" src=\"https:\/\/sceaux-lagazette.fr\/index.php\/2022\/06\/21\/a-propos-du-vote-philippe-laurent\/embed\/#?secret=dlnGnHtBvq\" width=\"600\" height=\"338\" title=\"\u00ab\u00a0A propos du vote Philippe Laurent\u00a0\u00bb &#8212; La Gazette\" data-secret=\"dlnGnHtBvq\" frameborder=\"0\" marginwidth=\"0\" marginheight=\"0\" scrolling=\"no\" class=\"wp-embedded-content\"><\/iframe><script type=\"text\/javascript\">\n\/* <![CDATA[ *\/\n\/*! This file is auto-generated *\/\n!function(d,l){\"use strict\";l.querySelector&&d.addEventListener&&\"undefined\"!=typeof URL&&(d.wp=d.wp||{},d.wp.receiveEmbedMessage||(d.wp.receiveEmbedMessage=function(e){var t=e.data;if((t||t.secret||t.message||t.value)&&!\/[^a-zA-Z0-9]\/.test(t.secret)){for(var s,r,n,a=l.querySelectorAll('iframe[data-secret=\"'+t.secret+'\"]'),o=l.querySelectorAll('blockquote[data-secret=\"'+t.secret+'\"]'),c=new RegExp(\"^https?:$\",\"i\"),i=0;i<o.length;i++)o[i].style.display=\"none\";for(i=0;i<a.length;i++)s=a[i],e.source===s.contentWindow&&(s.removeAttribute(\"style\"),\"height\"===t.message?(1e3<(r=parseInt(t.value,10))?r=1e3:~~r<200&&(r=200),s.height=r):\"link\"===t.message&&(r=new URL(s.getAttribute(\"src\")),n=new URL(t.value),c.test(n.protocol))&&n.host===r.host&&l.activeElement===s&&(d.top.location.href=t.value))}},d.addEventListener(\"message\",d.wp.receiveEmbedMessage,!1),l.addEventListener(\"DOMContentLoaded\",function(){for(var e,t,s=l.querySelectorAll(\"iframe.wp-embedded-content\"),r=0;r<s.length;r++)(t=(e=s[r]).getAttribute(\"data-secret\"))||(t=Math.random().toString(36).substring(2,12),e.src+=\"#?secret=\"+t,e.setAttribute(\"data-secret\",t)),e.contentWindow.postMessage({message:\"ready\",secret:t},\"*\")},!1)))}(window,document);\n\/* ]]> *\/\n<\/script>\n","thumbnail_url":"https:\/\/sceaux-lagazette.fr\/wp-content\/uploads\/2022\/06\/Philippe-Laurent-dans-les-legislatives.jpg","thumbnail_width":640,"thumbnail_height":428,"description":"Sceaux, ville centriste s\u2019il en est, mod\u00e9r\u00e9e diront certains, aurait pu mettre son maire en t\u00eate des candidats du 1er tour des l\u00e9gislatives. Il appartient \u00e0 une formation de centre droit, l\u2019UDI, qui aurait pu en incarner l\u2019esprit. Il n\u2019en fut rien ou, pour \u00eatre moins d\u00e9finitif, il y eut&#8230;"}

Sceaux, ville centriste s’il en est, modérée diront certains, aurait pu mettre son maire en tête des candidats du 1er tour des législatives. Il appartient à une formation de centre droit, l’UDI, qui aurait pu en incarner l’esprit. Il n’en fut rien ou, pour être moins définitif, il y eut&#8230;
