{"version":"1.0","provider_name":"La Gazette","provider_url":"https:\/\/sceaux-lagazette.fr","author_name":"Maurice Zytnicki","author_url":"https:\/\/sceaux-lagazette.fr\/index.php\/author\/maurice\/","title":"Parler du territoire, un jour de pluie - La Gazette","type":"rich","width":600,"height":338,"html":"<blockquote class=\"wp-embedded-content\" data-secret=\"m4VHHM2936\"><a href=\"https:\/\/sceaux-lagazette.fr\/index.php\/2021\/12\/10\/parler-du-territoire-un-jour-de-pluie\/\">Parler du territoire, un jour de pluie<\/a><\/blockquote><iframe sandbox=\"allow-scripts\" security=\"restricted\" src=\"https:\/\/sceaux-lagazette.fr\/index.php\/2021\/12\/10\/parler-du-territoire-un-jour-de-pluie\/embed\/#?secret=m4VHHM2936\" width=\"600\" height=\"338\" title=\"\u00ab\u00a0Parler du territoire, un jour de pluie\u00a0\u00bb &#8212; La Gazette\" data-secret=\"m4VHHM2936\" frameborder=\"0\" marginwidth=\"0\" marginheight=\"0\" scrolling=\"no\" class=\"wp-embedded-content\"><\/iframe><script type=\"text\/javascript\">\n\/* <![CDATA[ *\/\n\/*! This file is auto-generated *\/\n!function(d,l){\"use strict\";l.querySelector&&d.addEventListener&&\"undefined\"!=typeof URL&&(d.wp=d.wp||{},d.wp.receiveEmbedMessage||(d.wp.receiveEmbedMessage=function(e){var t=e.data;if((t||t.secret||t.message||t.value)&&!\/[^a-zA-Z0-9]\/.test(t.secret)){for(var s,r,n,a=l.querySelectorAll('iframe[data-secret=\"'+t.secret+'\"]'),o=l.querySelectorAll('blockquote[data-secret=\"'+t.secret+'\"]'),c=new RegExp(\"^https?:$\",\"i\"),i=0;i<o.length;i++)o[i].style.display=\"none\";for(i=0;i<a.length;i++)s=a[i],e.source===s.contentWindow&&(s.removeAttribute(\"style\"),\"height\"===t.message?(1e3<(r=parseInt(t.value,10))?r=1e3:~~r<200&&(r=200),s.height=r):\"link\"===t.message&&(r=new URL(s.getAttribute(\"src\")),n=new URL(t.value),c.test(n.protocol))&&n.host===r.host&&l.activeElement===s&&(d.top.location.href=t.value))}},d.addEventListener(\"message\",d.wp.receiveEmbedMessage,!1),l.addEventListener(\"DOMContentLoaded\",function(){for(var e,t,s=l.querySelectorAll(\"iframe.wp-embedded-content\"),r=0;r<s.length;r++)(t=(e=s[r]).getAttribute(\"data-secret\"))||(t=Math.random().toString(36).substring(2,12),e.src+=\"#?secret=\"+t,e.setAttribute(\"data-secret\",t)),e.contentWindow.postMessage({message:\"ready\",secret:t},\"*\")},!1)))}(window,document);\n\/* ]]> *\/\n<\/script>\n","thumbnail_url":"https:\/\/sceaux-lagazette.fr\/wp-content\/uploads\/2021\/12\/2021-12-04-CATTE3-scaled.jpg","thumbnail_width":2560,"thumbnail_height":1366,"description":"Samedi apr\u00e8s-midi \u00e0 Antony, dans une salle municipale \u00e0 c\u00f4t\u00e9 du march\u00e9, se tenait une r\u00e9union \u00e0 l\u2019initiative d\u2019associations aussi diverses que vari\u00e9es du territoire Vall\u00e9e Sud. La pluie et le froid, la nuit qui tombe vite, n\u2019avaient pas dissuad\u00e9 une cinquantaine de personnes de participer \u00e0 une r\u00e9flexion collective&#8230;"}

Samedi après-midi à Antony, dans une salle municipale à côté du marché, se tenait une réunion à l’initiative d’associations aussi diverses que variées du territoire Vallée Sud. La pluie et le froid, la nuit qui tombe vite, n’avaient pas dissuadé une cinquantaine de personnes de participer à une réflexion collective&#8230;
