{"version":"1.0","provider_name":"La Gazette","provider_url":"https:\/\/sceaux-lagazette.fr","author_name":"G\u00e9rard Bardier","author_url":"https:\/\/sceaux-lagazette.fr\/index.php\/author\/gb\/","title":"Temps de travail en France (2\/2) - La Gazette","type":"rich","width":600,"height":338,"html":"<blockquote class=\"wp-embedded-content\" data-secret=\"BknbDr8H9Y\"><a href=\"https:\/\/sceaux-lagazette.fr\/index.php\/2021\/10\/30\/temps-de-travail-en-france-2-2\/\">Temps de travail en France (2\/2)<\/a><\/blockquote><iframe sandbox=\"allow-scripts\" security=\"restricted\" src=\"https:\/\/sceaux-lagazette.fr\/index.php\/2021\/10\/30\/temps-de-travail-en-france-2-2\/embed\/#?secret=BknbDr8H9Y\" width=\"600\" height=\"338\" title=\"\u00ab\u00a0Temps de travail en France (2\/2)\u00a0\u00bb &#8212; La Gazette\" data-secret=\"BknbDr8H9Y\" frameborder=\"0\" marginwidth=\"0\" marginheight=\"0\" scrolling=\"no\" class=\"wp-embedded-content\"><\/iframe><script type=\"text\/javascript\">\n\/* <![CDATA[ *\/\n\/*! This file is auto-generated *\/\n!function(d,l){\"use strict\";l.querySelector&&d.addEventListener&&\"undefined\"!=typeof URL&&(d.wp=d.wp||{},d.wp.receiveEmbedMessage||(d.wp.receiveEmbedMessage=function(e){var t=e.data;if((t||t.secret||t.message||t.value)&&!\/[^a-zA-Z0-9]\/.test(t.secret)){for(var s,r,n,a=l.querySelectorAll('iframe[data-secret=\"'+t.secret+'\"]'),o=l.querySelectorAll('blockquote[data-secret=\"'+t.secret+'\"]'),c=new RegExp(\"^https?:$\",\"i\"),i=0;i<o.length;i++)o[i].style.display=\"none\";for(i=0;i<a.length;i++)s=a[i],e.source===s.contentWindow&&(s.removeAttribute(\"style\"),\"height\"===t.message?(1e3<(r=parseInt(t.value,10))?r=1e3:~~r<200&&(r=200),s.height=r):\"link\"===t.message&&(r=new URL(s.getAttribute(\"src\")),n=new URL(t.value),c.test(n.protocol))&&n.host===r.host&&l.activeElement===s&&(d.top.location.href=t.value))}},d.addEventListener(\"message\",d.wp.receiveEmbedMessage,!1),l.addEventListener(\"DOMContentLoaded\",function(){for(var e,t,s=l.querySelectorAll(\"iframe.wp-embedded-content\"),r=0;r<s.length;r++)(t=(e=s[r]).getAttribute(\"data-secret\"))||(t=Math.random().toString(36).substring(2,12),e.src+=\"#?secret=\"+t,e.setAttribute(\"data-secret\",t)),e.contentWindow.postMessage({message:\"ready\",secret:t},\"*\")},!1)))}(window,document);\n\/* ]]> *\/\n<\/script>\n","thumbnail_url":"https:\/\/sceaux-lagazette.fr\/wp-content\/uploads\/2021\/10\/Assembl\u00e9e-Nationale-500_F_47811815_qFBWrb0du6O4jvFtqiwt4xuvIcc3shgZ.jpg","thumbnail_width":500,"thumbnail_height":163,"description":"Les candidats et la dur\u00e9e du travail Dans un pr\u00e9c\u00e9dent article, ont \u00e9t\u00e9 pr\u00e9sent\u00e9s diff\u00e9rents aspects de la question du temps de travail. Elle avait \u00e9t\u00e9 abord\u00e9e dans un discours pr\u00e9sidentiel d\u2019o\u00f9 nous \u00e9tions partis. La r\u00e9action importante des m\u00e9dias \u00e0 ce qui n\u2019\u00e9tait qu\u2019un point parmi d\u2019autres montre que&#8230;"}

Gérard Bardier

https://sceaux-lagazette.fr/wp-content/uploads/2021/10/Assemblée-Nationale-500_F_47811815_qFBWrb0du6O4jvFtqiwt4xuvIcc3shgZ.jpg

Les candidats et la durée du travail Dans un précédent article, ont été présentés différents aspects de la question du temps de travail. Elle avait été abordée dans un discours présidentiel d’où nous étions partis. La réaction importante des médias à ce qui n’était qu’un point parmi d’autres montre que&#8230;
