{"version":"1.0","provider_name":"La Gazette","provider_url":"https:\/\/sceaux-lagazette.fr","author_name":"G\u00e9rard Bardier","author_url":"https:\/\/sceaux-lagazette.fr\/index.php\/author\/gb\/","title":"Les clins d'oeil d'Edouard Philippe - La Gazette","type":"rich","width":600,"height":338,"html":"<blockquote class=\"wp-embedded-content\" data-secret=\"8ytBhjT5PE\"><a href=\"https:\/\/sceaux-lagazette.fr\/index.php\/2021\/04\/30\/les-clins-doeil-dedouard-philippe\/\">Les clins d&rsquo;oeil d&rsquo;Edouard Philippe<\/a><\/blockquote><iframe sandbox=\"allow-scripts\" security=\"restricted\" src=\"https:\/\/sceaux-lagazette.fr\/index.php\/2021\/04\/30\/les-clins-doeil-dedouard-philippe\/embed\/#?secret=8ytBhjT5PE\" width=\"600\" height=\"338\" title=\"\u00ab\u00a0Les clins d&rsquo;oeil d&rsquo;Edouard Philippe\u00a0\u00bb &#8212; La Gazette\" data-secret=\"8ytBhjT5PE\" frameborder=\"0\" marginwidth=\"0\" marginheight=\"0\" scrolling=\"no\" class=\"wp-embedded-content\"><\/iframe><script type=\"text\/javascript\">\n\/* <![CDATA[ *\/\n\/*! This file is auto-generated *\/\n!function(d,l){\"use strict\";l.querySelector&&d.addEventListener&&\"undefined\"!=typeof URL&&(d.wp=d.wp||{},d.wp.receiveEmbedMessage||(d.wp.receiveEmbedMessage=function(e){var t=e.data;if((t||t.secret||t.message||t.value)&&!\/[^a-zA-Z0-9]\/.test(t.secret)){for(var s,r,n,a=l.querySelectorAll('iframe[data-secret=\"'+t.secret+'\"]'),o=l.querySelectorAll('blockquote[data-secret=\"'+t.secret+'\"]'),c=new RegExp(\"^https?:$\",\"i\"),i=0;i<o.length;i++)o[i].style.display=\"none\";for(i=0;i<a.length;i++)s=a[i],e.source===s.contentWindow&&(s.removeAttribute(\"style\"),\"height\"===t.message?(1e3<(r=parseInt(t.value,10))?r=1e3:~~r<200&&(r=200),s.height=r):\"link\"===t.message&&(r=new URL(s.getAttribute(\"src\")),n=new URL(t.value),c.test(n.protocol))&&n.host===r.host&&l.activeElement===s&&(d.top.location.href=t.value))}},d.addEventListener(\"message\",d.wp.receiveEmbedMessage,!1),l.addEventListener(\"DOMContentLoaded\",function(){for(var e,t,s=l.querySelectorAll(\"iframe.wp-embedded-content\"),r=0;r<s.length;r++)(t=(e=s[r]).getAttribute(\"data-secret\"))||(t=Math.random().toString(36).substring(2,12),e.src+=\"#?secret=\"+t,e.setAttribute(\"data-secret\",t)),e.contentWindow.postMessage({message:\"ready\",secret:t},\"*\")},!1)))}(window,document);\n\/* ]]> *\/\n<\/script>\n","thumbnail_url":"https:\/\/sceaux-lagazette.fr\/wp-content\/uploads\/2021\/04\/Impressions-et-Lignes-claires.png","thumbnail_width":1250,"thumbnail_height":483,"description":"Un des premiers jours du mois de mars 2017, alors que la candidature de Fran\u00e7ois Fillon prenait l\u2019eau de toutes parts, j\u2019ai annonc\u00e9 \u00e0 mon \u00e9pouse que je venais d\u2019entendre \u00e0 la radio un responsable politique que je ne connaissais pas, mais que j\u2019avais trouv\u00e9 tr\u00e8s bien, bien qu\u2019il soit&#8230;"}

Gérard Bardier

Un des premiers jours du mois de mars 2017, alors que la candidature de François Fillon prenait l’eau de toutes parts, j’ai annoncé à mon épouse que je venais d’entendre à la radio un responsable politique que je ne connaissais pas, mais que j’avais trouvé très bien, bien qu’il soit&#8230;
