{"version":"1.0","provider_name":"La Gazette","provider_url":"https:\/\/sceaux-lagazette.fr","author_name":"G\u00e9rard Bardier","author_url":"https:\/\/sceaux-lagazette.fr\/index.php\/author\/gb\/","title":"Enqu\u00eate publique Charles de Gaulle - La Gazette","type":"rich","width":600,"height":338,"html":"<blockquote class=\"wp-embedded-content\" data-secret=\"CsKEZaBTwQ\"><a href=\"https:\/\/sceaux-lagazette.fr\/index.php\/2021\/01\/28\/enquete-publique-charles-de-gaulle\/\">Enqu\u00eate publique Charles de Gaulle<\/a><\/blockquote><iframe sandbox=\"allow-scripts\" security=\"restricted\" src=\"https:\/\/sceaux-lagazette.fr\/index.php\/2021\/01\/28\/enquete-publique-charles-de-gaulle\/embed\/#?secret=CsKEZaBTwQ\" width=\"600\" height=\"338\" title=\"\u00ab\u00a0Enqu\u00eate publique Charles de Gaulle\u00a0\u00bb &#8212; La Gazette\" data-secret=\"CsKEZaBTwQ\" frameborder=\"0\" marginwidth=\"0\" marginheight=\"0\" scrolling=\"no\" class=\"wp-embedded-content\"><\/iframe><script type=\"text\/javascript\">\n\/* <![CDATA[ *\/\n\/*! This file is auto-generated *\/\n!function(d,l){\"use strict\";l.querySelector&&d.addEventListener&&\"undefined\"!=typeof URL&&(d.wp=d.wp||{},d.wp.receiveEmbedMessage||(d.wp.receiveEmbedMessage=function(e){var t=e.data;if((t||t.secret||t.message||t.value)&&!\/[^a-zA-Z0-9]\/.test(t.secret)){for(var s,r,n,a=l.querySelectorAll('iframe[data-secret=\"'+t.secret+'\"]'),o=l.querySelectorAll('blockquote[data-secret=\"'+t.secret+'\"]'),c=new RegExp(\"^https?:$\",\"i\"),i=0;i<o.length;i++)o[i].style.display=\"none\";for(i=0;i<a.length;i++)s=a[i],e.source===s.contentWindow&&(s.removeAttribute(\"style\"),\"height\"===t.message?(1e3<(r=parseInt(t.value,10))?r=1e3:~~r<200&&(r=200),s.height=r):\"link\"===t.message&&(r=new URL(s.getAttribute(\"src\")),n=new URL(t.value),c.test(n.protocol))&&n.host===r.host&&l.activeElement===s&&(d.top.location.href=t.value))}},d.addEventListener(\"message\",d.wp.receiveEmbedMessage,!1),l.addEventListener(\"DOMContentLoaded\",function(){for(var e,t,s=l.querySelectorAll(\"iframe.wp-embedded-content\"),r=0;r<s.length;r++)(t=(e=s[r]).getAttribute(\"data-secret\"))||(t=Math.random().toString(36).substring(2,12),e.src+=\"#?secret=\"+t,e.setAttribute(\"data-secret\",t)),e.contentWindow.postMessage({message:\"ready\",secret:t},\"*\")},!1)))}(window,document);\n\/* ]]> *\/\n<\/script>\n","thumbnail_url":"https:\/\/sceaux-lagazette.fr\/wp-content\/uploads\/2021\/01\/affiche-enqu\u00eate-publique.png","thumbnail_width":382,"thumbnail_height":295,"description":"A partir du 26 janvier et jusqu\u2019au 10 f\u00e9vrier, une enqu\u00eate publique est ouverte concernant le d\u00e9classement de trois portions de l\u2019espace public d\u00e9partemental. Le dossier est consultable en mairie et sur le site du d\u00e9partement. Le d\u00e9roulement En mairie, le dossier sera consultable les lundi, mardi, mercredi et vendredi&#8230;"}

Gérard Bardier

Enquête publique Charles de Gaulle - La Gazette

<blockquote class="wp-embedded-content" data-secret="CsKEZaBTwQ"><a href="https://sceaux-lagazette.fr/index.php/2021/01/28/enquete-publique-charles-de-gaulle/">Enquête publique Charles de Gaulle</a></blockquote><iframe sandbox="allow-scripts" security="restricted" src="https://sceaux-lagazette.fr/index.php/2021/01/28/enquete-publique-charles-de-gaulle/embed/#?secret=CsKEZaBTwQ" width="600" height="338" title="« Enquête publique Charles de Gaulle » &#8212; La Gazette" data-secret="CsKEZaBTwQ" frameborder="0" marginwidth="0" marginheight="0" scrolling="no" class="wp-embedded-content"></iframe><script type="text/javascript">
/* <![CDATA[ */
/*! This file is auto-generated */
!function(d,l){"use strict";l.querySelector&&d.addEventListener&&"undefined"!=typeof URL&&(d.wp=d.wp||{},d.wp.receiveEmbedMessage||(d.wp.receiveEmbedMessage=function(e){var t=e.data;if((t||t.secret||t.message||t.value)&&!/[^a-zA-Z0-9]/.test(t.secret)){for(var s,r,n,a=l.querySelectorAll('iframe[data-secret="'+t.secret+'"]'),o=l.querySelectorAll('blockquote[data-secret="'+t.secret+'"]'),c=new RegExp("^https?:$","i"),i=0;i<o.length;i++)o[i].style.display="none";for(i=0;i<a.length;i++)s=a[i],e.source===s.contentWindow&&(s.removeAttribute("style"),"height"===t.message?(1e3<(r=parseInt(t.value,10))?r=1e3:~~r<200&&(r=200),s.height=r):"link"===t.message&&(r=new URL(s.getAttribute("src")),n=new URL(t.value),c.test(n.protocol))&&n.host===r.host&&l.activeElement===s&&(d.top.location.href=t.value))}},d.addEventListener("message",d.wp.receiveEmbedMessage,!1),l.addEventListener("DOMContentLoaded",function(){for(var e,t,s=l.querySelectorAll("iframe.wp-embedded-content"),r=0;r<s.length;r++)(t=(e=s[r]).getAttribute("data-secret"))||(t=Math.random().toString(36).substring(2,12),e.src+="#?secret="+t,e.setAttribute("data-secret",t)),e.contentWindow.postMessage({message:"ready",secret:t},"*")},!1)))}(window,document);
/* ]]> */
</script>

https://sceaux-lagazette.fr/wp-content/uploads/2021/01/affiche-enquête-publique.png

A partir du 26 janvier et jusqu’au 10 février, une enquête publique est ouverte concernant le déclassement de trois portions de l’espace public départemental. Le dossier est consultable en mairie et sur le site du département. Le déroulement En mairie, le dossier sera consultable les lundi, mardi, mercredi et vendredi&#8230;
